{"id":7671,"date":"2021-05-07T18:59:56","date_gmt":"2021-05-07T18:59:56","guid":{"rendered":"https:\/\/trenaferragens.com.br\/?post_type=product&#038;p=7671"},"modified":"2021-05-07T20:16:31","modified_gmt":"2021-05-07T20:16:31","slug":"graxa-iguacu","status":"publish","type":"product","link":"https:\/\/trenaferragens.com.br\/?product=graxa-iguacu","title":{"rendered":"Graxa &#8211; Igua\u00e7u"},"content":{"rendered":"<p>Graxa &#8211; Igua\u00e7u<\/p>\n<p>Composi\u00e7\u00e3o: Um produto \u00e0 base sab\u00e3o de c\u00e1lcio, \u00f3leos minerais ( hidrocarbonetos paraf\u00ednicos) de primeiro refino derivado de petr\u00f3leo, aditivo de adesividade, hidr\u00f3xido de c\u00e1lcio.<\/p>\n<p>Aplica\u00e7\u00f5es: Cabo de a\u00e7o para pesca, lubrifica\u00e7\u00e3o de pinos graxeiros, motocicletas, lubrifica\u00e7\u00e3o de ferragens e ferramentas, dobradi\u00e7as, etc.<\/p>\n<p>Faixa de aplica\u00e7\u00e3o: 70 graus celsius.<\/p>\n","protected":false},"excerpt":{"rendered":"<p>Graxa &#8211; Igua\u00e7u<\/p>\n<p>Graxa igua\u00e7u \u00e9 indicada para lubrifica\u00e7\u00e3o geral de pinos graxeiros de carros de passeio, motocicletas, \u00f4nibus, caminh\u00f5es, cabo de a\u00e7o para pesca, dobradi\u00e7as, lubrifica\u00e7\u00e3o geral etc.<\/p>\n","protected":false},"featured_media":7672,"comment_status":"open","ping_status":"closed","template":"","meta":[],"product_cat":[1855],"product_tag":[3075,3076,3077,3074],"_links":{"self":[{"href":"https:\/\/trenaferragens.com.br\/index.php?rest_route=\/wp\/v2\/product\/7671"}],"collection":[{"href":"https:\/\/trenaferragens.com.br\/index.php?rest_route=\/wp\/v2\/product"}],"about":[{"href":"https:\/\/trenaferragens.com.br\/index.php?rest_route=\/wp\/v2\/types\/product"}],"replies":[{"embeddable":true,"href":"https:\/\/trenaferragens.com.br\/index.php?rest_route=%2Fwp%2Fv2%2Fcomments&post=7671"}],"wp:featuredmedia":[{"embeddable":true,"href":"https:\/\/trenaferragens.com.br\/index.php?rest_route=\/wp\/v2\/media\/7672"}],"wp:attachment":[{"href":"https:\/\/trenaferragens.com.br\/index.php?rest_route=%2Fwp%2Fv2%2Fmedia&parent=7671"}],"wp:term":[{"taxonomy":"product_cat","embeddable":true,"href":"https:\/\/trenaferragens.com.br\/index.php?rest_route=%2Fwp%2Fv2%2Fproduct_cat&post=7671"},{"taxonomy":"product_tag","embeddable":true,"href":"https:\/\/trenaferragens.com.br\/index.php?rest_route=%2Fwp%2Fv2%2Fproduct_tag&post=7671"}],"curies":[{"name":"wp","href":"https:\/\/api.w.org\/{rel}","templated":true}]}}