{"id":7725,"date":"2021-06-07T16:43:40","date_gmt":"2021-06-07T16:43:40","guid":{"rendered":"https:\/\/trenaferragens.com.br\/?post_type=product&#038;p=7725"},"modified":"2021-06-07T16:47:41","modified_gmt":"2021-06-07T16:47:41","slug":"porta-lampada-e-40-porcelana-16a-1464-c-n","status":"publish","type":"product","link":"https:\/\/trenaferragens.com.br\/?product=porta-lampada-e-40-porcelana-16a-1464-c-n","title":{"rendered":"Porta L\u00e2mpada E-40 Porcelana 16A 1464-C-N"},"content":{"rendered":"<p>Porta L\u00e2mpada E-40 Porcelana 16A 1464-C-N<\/p>\n<p><strong>LORENZETTI<\/strong><\/p>\n<p>Um pouco da hist\u00f3ria Lorenzetti em Campo Largo<\/p>\n<p><img decoding=\"async\" loading=\"lazy\" src=\"https:\/\/www.lorenzetti-eletric.com.br\/sites\/piallegrand.com.br\/files\/images\/institucional\/fabrica.jpg\" alt=\"\" width=\"227\" height=\"143\" \/><\/p>\n<p>Em 1954 Jo\u00e3o Stukas e Enrico Bordone, fundaram em Campo Largo, Estado do Paran\u00e1 a PIP &#8211; Porcelana Industrial Paran\u00e1 Ltda, destinada a fabrica\u00e7\u00e3o de pe\u00e7as refrat\u00f3rias e componentes cer\u00e2micos para produtos el\u00e9tricos de Baixa Tens\u00e3o. Nesta \u00e9poca, o esp\u00edrito empreendedor destes dois homens e se fez presente, trazendo com isto parte dos resultados que hoje se apresentam.<\/p>\n<p>Em 1973, foi fundada a PEP &#8211; Porcelana El\u00e9trica do Paran\u00e1 Ltda, cujo objetivo era a fabrica\u00e7\u00e3o e montagem de aparelos el\u00e9tricos.<\/p>\n<p>Mais tarde em 1972 a PIP absorveu a PEP, tornando-se uma \u00fanica empresa.<\/p>\n<p>Em 1973, o controle acion\u00e1rio e de gest\u00e3o passou para o Grupo Lorenzetti, tradicional fabricante de material el\u00e9trico desde 1923.<\/p>\n<p>Em 1976, houve a altera\u00e7\u00e3o da denomina\u00e7\u00e3o social da empresa, passando de PIP &#8211; Porcelana Industrial Paran\u00e1 Ltda, para Lorenzetti &#8211; Porcelana Industrial do Paran\u00e1 S\/A.<\/p>\n","protected":false},"excerpt":{"rendered":"<p>Porta L\u00e2mpada E-40 Porcelana 16A 1464-C-N<\/p>\n<p>Seja qual for a sua id\u00e9ia para ilumina\u00e7\u00e3o, a linha Lorenzetti tem a solu\u00e7\u00e3o, \u00e9 completa e adequada a cada tipo de l\u00e2mpada.<\/p>\n","protected":false},"featured_media":7726,"comment_status":"open","ping_status":"closed","template":"","meta":[],"product_cat":[194,306,1059],"product_tag":[2187,3010,3099,3100],"_links":{"self":[{"href":"https:\/\/trenaferragens.com.br\/index.php?rest_route=\/wp\/v2\/product\/7725"}],"collection":[{"href":"https:\/\/trenaferragens.com.br\/index.php?rest_route=\/wp\/v2\/product"}],"about":[{"href":"https:\/\/trenaferragens.com.br\/index.php?rest_route=\/wp\/v2\/types\/product"}],"replies":[{"embeddable":true,"href":"https:\/\/trenaferragens.com.br\/index.php?rest_route=%2Fwp%2Fv2%2Fcomments&post=7725"}],"wp:featuredmedia":[{"embeddable":true,"href":"https:\/\/trenaferragens.com.br\/index.php?rest_route=\/wp\/v2\/media\/7726"}],"wp:attachment":[{"href":"https:\/\/trenaferragens.com.br\/index.php?rest_route=%2Fwp%2Fv2%2Fmedia&parent=7725"}],"wp:term":[{"taxonomy":"product_cat","embeddable":true,"href":"https:\/\/trenaferragens.com.br\/index.php?rest_route=%2Fwp%2Fv2%2Fproduct_cat&post=7725"},{"taxonomy":"product_tag","embeddable":true,"href":"https:\/\/trenaferragens.com.br\/index.php?rest_route=%2Fwp%2Fv2%2Fproduct_tag&post=7725"}],"curies":[{"name":"wp","href":"https:\/\/api.w.org\/{rel}","templated":true}]}}