{"id":7732,"date":"2021-06-07T17:07:51","date_gmt":"2021-06-07T17:07:51","guid":{"rendered":"https:\/\/trenaferragens.com.br\/?post_type=product&#038;p=7732"},"modified":"2021-06-07T17:14:15","modified_gmt":"2021-06-07T17:14:15","slug":"porta-lampada-p-dicroica-gu5-3-c-rabicho-1485","status":"publish","type":"product","link":"https:\/\/trenaferragens.com.br\/?product=porta-lampada-p-dicroica-gu5-3-c-rabicho-1485","title":{"rendered":"Porta L\u00e2mpada P\/Dicro\u00edca GU5.3 C\/Rabicho 1485"},"content":{"rendered":"<p>Porta L\u00e2mpada P\/Dicro\u00edca GU5.3 C\/Rabicho 1485<\/p>\n<p><strong>LORENZETTI<\/strong><\/p>\n<p>Um pouco da hist\u00f3ria Lorenzetti em Campo Largo<\/p>\n<p><img decoding=\"async\" loading=\"lazy\" src=\"https:\/\/www.lorenzetti-eletric.com.br\/sites\/piallegrand.com.br\/files\/images\/institucional\/fabrica.jpg\" alt=\"\" width=\"227\" height=\"143\" \/><\/p>\n<p>Em 1954 Jo\u00e3o Stukas e Enrico Bordone, fundaram em Campo Largo, Estado do Paran\u00e1 a PIP &#8211; Porcelana Industrial Paran\u00e1 Ltda, destinada a fabrica\u00e7\u00e3o de pe\u00e7as refrat\u00f3rias e componentes cer\u00e2micos para produtos el\u00e9tricos de Baixa Tens\u00e3o. Nesta \u00e9poca, o esp\u00edrito empreendedor destes dois homens e se fez presente, trazendo com isto parte dos resultados que hoje se apresentam.<\/p>\n<p>Em 1973, foi fundada a PEP &#8211; Porcelana El\u00e9trica do Paran\u00e1 Ltda, cujo objetivo era a fabrica\u00e7\u00e3o e montagem de aparelos el\u00e9tricos.<\/p>\n<p>Mais tarde em 1972 a PIP absorveu a PEP, tornando-se uma \u00fanica empresa.<\/p>\n<p>Em 1973, o controle acion\u00e1rio e de gest\u00e3o passou para o Grupo Lorenzetti, tradicional fabricante de material el\u00e9trico desde 1923.<\/p>\n<p>Em 1976, houve a altera\u00e7\u00e3o da denomina\u00e7\u00e3o social da empresa, passando de PIP &#8211; Porcelana Industrial Paran\u00e1 Ltda, para Lorenzetti &#8211; Porcelana Industrial do Paran\u00e1 S\/A.<\/p>\n","protected":false},"excerpt":{"rendered":"<p>Porta L\u00e2mpada P\/Dicro\u00edca GU5.3 C\/Rabicho 1485<\/p>\n<p>Com rabicho de silicone de 30 cm de comprimento, para fios de bitola 0,75mm\u00b2 &#8211; para l\u00e2mpada dicrolca de at\u00e9 100W &#8211; Fixa\u00e7\u00e3o atrav\u00e9s de 2 parafusos, para spot, embutidos, lustres, pendentes<\/p>\n","protected":false},"featured_media":7733,"comment_status":"open","ping_status":"closed","template":"","meta":[],"product_cat":[194,306,1059],"product_tag":[2187,3010,3099,3102],"_links":{"self":[{"href":"https:\/\/trenaferragens.com.br\/index.php?rest_route=\/wp\/v2\/product\/7732"}],"collection":[{"href":"https:\/\/trenaferragens.com.br\/index.php?rest_route=\/wp\/v2\/product"}],"about":[{"href":"https:\/\/trenaferragens.com.br\/index.php?rest_route=\/wp\/v2\/types\/product"}],"replies":[{"embeddable":true,"href":"https:\/\/trenaferragens.com.br\/index.php?rest_route=%2Fwp%2Fv2%2Fcomments&post=7732"}],"wp:featuredmedia":[{"embeddable":true,"href":"https:\/\/trenaferragens.com.br\/index.php?rest_route=\/wp\/v2\/media\/7733"}],"wp:attachment":[{"href":"https:\/\/trenaferragens.com.br\/index.php?rest_route=%2Fwp%2Fv2%2Fmedia&parent=7732"}],"wp:term":[{"taxonomy":"product_cat","embeddable":true,"href":"https:\/\/trenaferragens.com.br\/index.php?rest_route=%2Fwp%2Fv2%2Fproduct_cat&post=7732"},{"taxonomy":"product_tag","embeddable":true,"href":"https:\/\/trenaferragens.com.br\/index.php?rest_route=%2Fwp%2Fv2%2Fproduct_tag&post=7732"}],"curies":[{"name":"wp","href":"https:\/\/api.w.org\/{rel}","templated":true}]}}