{"id":7755,"date":"2021-06-07T18:48:29","date_gmt":"2021-06-07T18:48:29","guid":{"rendered":"https:\/\/trenaferragens.com.br\/?post_type=product&#038;p=7755"},"modified":"2021-06-07T18:50:09","modified_gmt":"2021-06-07T18:50:09","slug":"purificador-de-agua-parede-branco-cromado","status":"publish","type":"product","link":"https:\/\/trenaferragens.com.br\/?product=purificador-de-agua-parede-branco-cromado","title":{"rendered":"Purificador de \u00c1gua Parede Branco\/Cromado"},"content":{"rendered":"<h4 class=\"title\">Purificador de \u00c1gua Parede Branco\/Cromado<\/h4>\n<p>A Tigre Tubos e Conex\u00f5es oferta solu\u00e7\u00f5es recheadas de inova\u00e7\u00e3o e qualidade. A empresa possui linhas para os segmentos Predial, Industrial, Infraestrutura e Irriga\u00e7\u00e3o. S\u00e3o linhas completas, com produtos de excelente durabilidade, que garantem total tranquilidade na hora de construir ou reformar.<\/p>\n","protected":false},"excerpt":{"rendered":"<div class=\"field field--name-field-texto-tecnico field--type-text-long field--label-hidden field--item\">\n<div class=\"field field--name-field-texto-tecnico field--type-text-long field--label-hidden field--item\">\n<div class=\"field field--name-field-texto-tecnico field--type-text-long field--label-hidden field--item\">\n<div class=\"field field--name-field-texto-tecnico field--type-text-long field--label-hidden field--item\">\n<div class=\"field field--name-field-texto-tecnico field--type-text-long field--label-hidden field--item\">\n<div class=\"field field--name-field-texto-tecnico field--type-text-long field--label-hidden field--item\">\n<div class=\"field field--name-field-texto-tecnico field--type-text-long field--label-hidden field--item\">Purificador de \u00c1gua Parede Branco\/Cromado<\/div>\n<div>\n<div>\n<p class=\"tag-description\">Unindo duas fun\u00e7\u00f5es necess\u00e1rias no dia a dia, esta\u00a0<a href=\"https:\/\/www.tigre.com.br\/obras-reforma\/torneiras\">torneira<\/a>\u00a0com filtro \u00e9 a op\u00e7\u00e3o certa para sua casa. O produto \u00e9 ideal para instala\u00e7\u00e3o na cozinha e os purificadores Tigre garantem a redu\u00e7\u00e3o do cloro, odores e part\u00edculas na sua \u00e1gua. Al\u00e9m disso, possui um rendimento at\u00e9 50% maior que os filtros similares do mercado: um \u00fanico refil filtra at\u00e9 1.500 litros de \u00e1gua.<\/p>\n<p class=\"h4 product-description-sub\"><strong>BENEF\u00cdCIOS<\/strong><\/p>\n<ul>\n<li><strong>Melhor rendimento da categoria:<\/strong>\u00a0purifica at\u00e9 50% mais \u00e1gua que dos principais produtos dispon\u00edveis no mercado.<strong>Maior vida \u00fatil:<\/strong>\u00a0um elemento purifica at\u00e9 1.500 litros de \u00e1gua.<strong>Economia de \u00e1gua:<\/strong>\u00a0um elemento filtrante \u00e9 igual a 75 gal\u00f5es de 20 litros e torneira com bico arejador.\n<p><strong>Melhor elemento filtrante do segmento:<\/strong>\u00a0feito com o exclusivo Carbon Block, que possibilita o formato exclusivo do refil e oferece um dos melhores sistemas de elimina\u00e7\u00e3o de contaminantes encontrados na \u00e1gua para o consumo humano.<\/p>\n<p><strong>Qualidade Tigre:\u00a0<\/strong>produtos testados periodicamente com base na NBR 16098:2012 e certificado de acordo com as Portarias Inmetro n\u00ba 344\/2014 e 394\/2014.<\/p>\n<p><strong>Design diferenciado:<\/strong>\u00a0design com tra\u00e7os curvos, contempor\u00e2neos, conferem aos produtos e garantia das cores com a aplica\u00e7\u00e3o de aditivo UV para a prote\u00e7\u00e3o das cores.<\/p>\n<p><strong>Manuten\u00e7\u00e3o simples e pr\u00e1tica:<\/strong>\u00a0f\u00e1cil de instalar, n\u00e3o necessita de assist\u00eancia t\u00e9cnica para manuten\u00e7\u00e3o. O elemento filtrante n\u00e3o necessita de limpeza\/retrolavagem, basta descartar o refil ap\u00f3s sua vida \u00fatil (1.500 litros ou aproximadamente seis meses).<\/p>\n<p><strong>Vers\u00e1teis e f\u00e1ceis de usar:<\/strong>\u00a0volantes com mecanismo inteligente: para cima libera \u00e1gua do purificador e para baixo, libera \u00e1gua da torneira. Quando ao centro, fecha a sa\u00edda de \u00e1gua. Volante em formato de haste com 1\/4 de volta e pastilha cer\u00e2mica, al\u00e9m de bica m\u00f3vel na torneira e no purificador.<\/li>\n<\/ul>\n<p class=\"h4 product-description-sub\"><strong>INSTRU\u00c7\u00d5ES<\/strong><\/p>\n<p>1. Com o registro geral hidr\u00e1ulico fechado, limpe o ponto de<br \/>\nconex\u00e3o onde ser\u00e1 instalado o purificador, eliminando desse modo\u00a0res\u00edduos que possam danificar ou prejudicar o correto<br \/>\nfuncionamento do produto.<\/p>\n<p>2. Para facilitar a instala\u00e7\u00e3o do purificador, desrosqueie a porca de fixa\u00e7\u00e3o da bica e retire a bica, ap\u00f3s desmonte o conjunto superior desrosqueando a carca\u00e7a e o refil, aplique fita veda rosca nas\u00a0conex\u00f5es, monte o acabamento e instale o corpo do purificador\u00a0na conex\u00e3o hidr\u00e1ulica rosqueando at\u00e9 que se consiga o aperto\u00a0necess\u00e1rio para assegurar a veda\u00e7\u00e3o.<\/p>\n<p>3. Ap\u00f3s, fa\u00e7a a montagem novamente do refil rosqueando ao<br \/>\ncorpo do purificador, ap\u00f3s repita o processo para montar a carca\u00e7a e a bica com a porca de fixa\u00e7\u00e3o.<\/p>\n<p>4. IMPORTANTE: Antes do primeiro uso ou na troca do elemento filtrante, abra o registro na posi\u00e7\u00e3o Purificador e deixe fluir 15\u00a0litros de \u00e1gua para limpeza do elemento filtrante.<\/p>\n<p>Observa\u00e7\u00e3o: N\u00e3o aplique for\u00e7a ao rosquear os componentes.<\/p>\n<p>Observa\u00e7\u00e3o 1: Para resid\u00eancias com baixa press\u00e3o, retire o redutor da vaz\u00e3o. Deste modo aumentando o fluxo de \u00e1gua no purificador.<\/p>\n<p>Observa\u00e7\u00e3o 2: Este aparelho possui v\u00e1lvula de cer\u00e2mica com acionamento de 2 vias, ou seja, girando o volante para cima a \u00e1gua sair\u00e1 apenas pelo purificador, girando para baixo, sair\u00e1 apenas pela torneira, para fechar a sa\u00edda de \u00e1gua, retorne o volante \u00e0 posi\u00e7\u00e3o neutra.<\/p>\n<p>Observa\u00e7\u00e3o 3: Pode ocorrer um gotejamento moment\u00e2neo pelo purificador ap\u00f3s o primeiro uso, at\u00e9 que ocorra a expans\u00e3o total do sistema de filtra\u00e7\u00e3o.<\/p>\n<\/div>\n<\/div>\n<\/div>\n<\/div>\n<\/div>\n<\/div>\n<\/div>\n<\/div>\n","protected":false},"featured_media":7756,"comment_status":"open","ping_status":"closed","template":"","meta":[],"product_cat":[168,300],"product_tag":[3114,3105,3106,2283],"_links":{"self":[{"href":"https:\/\/trenaferragens.com.br\/index.php?rest_route=\/wp\/v2\/product\/7755"}],"collection":[{"href":"https:\/\/trenaferragens.com.br\/index.php?rest_route=\/wp\/v2\/product"}],"about":[{"href":"https:\/\/trenaferragens.com.br\/index.php?rest_route=\/wp\/v2\/types\/product"}],"replies":[{"embeddable":true,"href":"https:\/\/trenaferragens.com.br\/index.php?rest_route=%2Fwp%2Fv2%2Fcomments&post=7755"}],"wp:featuredmedia":[{"embeddable":true,"href":"https:\/\/trenaferragens.com.br\/index.php?rest_route=\/wp\/v2\/media\/7756"}],"wp:attachment":[{"href":"https:\/\/trenaferragens.com.br\/index.php?rest_route=%2Fwp%2Fv2%2Fmedia&parent=7755"}],"wp:term":[{"taxonomy":"product_cat","embeddable":true,"href":"https:\/\/trenaferragens.com.br\/index.php?rest_route=%2Fwp%2Fv2%2Fproduct_cat&post=7755"},{"taxonomy":"product_tag","embeddable":true,"href":"https:\/\/trenaferragens.com.br\/index.php?rest_route=%2Fwp%2Fv2%2Fproduct_tag&post=7755"}],"curies":[{"name":"wp","href":"https:\/\/api.w.org\/{rel}","templated":true}]}}