{"id":8134,"date":"2021-08-18T19:22:23","date_gmt":"2021-08-18T19:22:23","guid":{"rendered":"https:\/\/trenaferragens.com.br\/?post_type=product&#038;p=8134"},"modified":"2021-08-18T19:26:41","modified_gmt":"2021-08-18T19:26:41","slug":"lampada-led-dicroica-biv","status":"publish","type":"product","link":"https:\/\/trenaferragens.com.br\/?product=lampada-led-dicroica-biv","title":{"rendered":"L\u00e2mpada LED Dicroica BIV"},"content":{"rendered":"<h2>AVANT<\/h2>\n<p>A AVANT\u00a0\u00e9 uma empresa genuinamente brasileira, especializada em produtos para ilumina\u00e7\u00e3o e posicionada entre as maiores empresas do segmento. \u00c9 reconhecida pela excel\u00eancia e qualidade de seus produtos e por manter uma grande e s\u00f3lida parceria de longo prazo com seus clientes. Est\u00e1 presente em todos os estados brasileiros, com uma estrutura de profissionais aptos e experientes, prontos para atender as diversas necessidades de seus clientes, com efici\u00eancia e comprometimento. Prestigiada por profissionais e consumidores, \u00e9 considerada pioneira no lan\u00e7amento de produtos modernos e inovadores, presente na diversidade e qualifica\u00e7\u00e3o de seu portf\u00f3lio.<\/p>\n","protected":false},"excerpt":{"rendered":"<p class=\"description__product-title\"><strong>Descri\u00e7\u00e3o<\/strong>:<\/p>\n<p>A l\u00e2mpada LED Dicroica \u00e9 indicada para ilumina\u00e7\u00e3o de destaque ou decorativa.<br \/>\nPode ser usada para substituir l\u00e2mpadas dicroicas hal\u00f3genas de 35W.<\/p>\n<table class=\"woocommerce-product-attributes shop_attributes\">\n<tbody>\n<tr class=\"woocommerce-product-attributes-item woocommerce-product-attributes-item--attribute_pa_potencia\">\n<th class=\"woocommerce-product-attributes-item__label\">Pot\u00eancia<\/th>\n<td class=\"woocommerce-product-attributes-item__value\">4,8W<\/td>\n<\/tr>\n<tr class=\"woocommerce-product-attributes-item woocommerce-product-attributes-item--attribute_pa_temperatura-de-cor\">\n<th class=\"woocommerce-product-attributes-item__label\">Temp. de Cor<\/th>\n<td class=\"woocommerce-product-attributes-item__value\">6500K<\/td>\n<\/tr>\n<tr class=\"woocommerce-product-attributes-item woocommerce-product-attributes-item--attribute_pa_tensao\">\n<th class=\"woocommerce-product-attributes-item__label\">Tens\u00e3o<\/th>\n<td class=\"woocommerce-product-attributes-item__value\">Bivolt<\/td>\n<\/tr>\n<tr class=\"woocommerce-product-attributes-item woocommerce-product-attributes-item--attribute_pa_base\">\n<th class=\"woocommerce-product-attributes-item__label\">Base<\/th>\n<td class=\"woocommerce-product-attributes-item__value\">GU10<\/td>\n<\/tr>\n<\/tbody>\n<\/table>\n<p>&nbsp;<\/p>\n","protected":false},"featured_media":8132,"comment_status":"open","ping_status":"closed","template":"","meta":[],"product_cat":[203,1109,1110],"product_tag":[3275,2362,3274,3273,2081,3272],"_links":{"self":[{"href":"https:\/\/trenaferragens.com.br\/index.php?rest_route=\/wp\/v2\/product\/8134"}],"collection":[{"href":"https:\/\/trenaferragens.com.br\/index.php?rest_route=\/wp\/v2\/product"}],"about":[{"href":"https:\/\/trenaferragens.com.br\/index.php?rest_route=\/wp\/v2\/types\/product"}],"replies":[{"embeddable":true,"href":"https:\/\/trenaferragens.com.br\/index.php?rest_route=%2Fwp%2Fv2%2Fcomments&post=8134"}],"wp:featuredmedia":[{"embeddable":true,"href":"https:\/\/trenaferragens.com.br\/index.php?rest_route=\/wp\/v2\/media\/8132"}],"wp:attachment":[{"href":"https:\/\/trenaferragens.com.br\/index.php?rest_route=%2Fwp%2Fv2%2Fmedia&parent=8134"}],"wp:term":[{"taxonomy":"product_cat","embeddable":true,"href":"https:\/\/trenaferragens.com.br\/index.php?rest_route=%2Fwp%2Fv2%2Fproduct_cat&post=8134"},{"taxonomy":"product_tag","embeddable":true,"href":"https:\/\/trenaferragens.com.br\/index.php?rest_route=%2Fwp%2Fv2%2Fproduct_tag&post=8134"}],"curies":[{"name":"wp","href":"https:\/\/api.w.org\/{rel}","templated":true}]}}