{"id":8246,"date":"2021-09-03T14:04:59","date_gmt":"2021-09-03T14:04:59","guid":{"rendered":"https:\/\/trenaferragens.com.br\/?post_type=product&#038;p=8246"},"modified":"2021-09-03T14:08:38","modified_gmt":"2021-09-03T14:08:38","slug":"martelo-tipo-unha-ap","status":"publish","type":"product","link":"https:\/\/trenaferragens.com.br\/?product=martelo-tipo-unha-ap","title":{"rendered":"Aplicador de Massa Silicone"},"content":{"rendered":"<h2>TIGRE PINC\u00c9IS<\/h2>\n<p>Multinacional brasileira, l\u00edder nos diversos mercados em que atua, a Tigre \u00e9 sin\u00f4nimo de pioneirismo e inova\u00e7\u00e3o. A marca oferece produtos que atendem os mercados predial, de infraestrutura, de irriga\u00e7\u00e3o e industrial. O grupo est\u00e1 presente em cerca de 40 pa\u00edses, possui sete mil funcion\u00e1rios, nove plantas no Brasil e 13 no exterior. Al\u00e9m de tubos e conex\u00f5es, tamb\u00e9m fazem parte do portf\u00f3lio as marcas Tigre Ferramentas para Pintura e Tigre-ADS, com tubula\u00e7\u00f5es de PEAD para saneamento e drenagem.<\/p>\n","protected":false},"excerpt":{"rendered":"<div>DISPON\u00cdVEL NAS OP\u00c7\u00d5ES:<\/div>\n<div><\/div>\n<div>92x72MM e 135x76MM<\/div>\n<div>\n<div class=\"col-xs-12 col-md-6\">\n<h3 class=\"h4 product-description-sub\">BENEF\u00cdCIOS<\/h3>\n<p>Descri\u00e7\u00e3o:\u00a0Aplicador de Massa<\/p>\n<p><strong>Composi\u00e7\u00e3o:<\/strong> Pl\u00e1stico Flex\u00edvel Branco<br \/>\n<strong>Tipo:<\/strong>\u00a0Lisa<br \/>\n<strong>Material:<\/strong>\u00a0Pl\u00e1stico<br \/>\n<strong>Tipo de Material:<\/strong>\u00a0PVC<br \/>\n<strong>Marca:<\/strong>\u00a0Tigre<br \/>\n<strong>Uso Indicado:<\/strong>\u00a0Para aplica\u00e7\u00e3o de massa<br \/>\n<strong>Possui Cabo<\/strong>: N\u00e3o<\/p>\n<\/div>\n<\/div>\n","protected":false},"featured_media":8249,"comment_status":"open","ping_status":"closed","template":"","meta":[],"product_cat":[1094,178,300],"product_tag":[3347,3203,3105,3346],"_links":{"self":[{"href":"https:\/\/trenaferragens.com.br\/index.php?rest_route=\/wp\/v2\/product\/8246"}],"collection":[{"href":"https:\/\/trenaferragens.com.br\/index.php?rest_route=\/wp\/v2\/product"}],"about":[{"href":"https:\/\/trenaferragens.com.br\/index.php?rest_route=\/wp\/v2\/types\/product"}],"replies":[{"embeddable":true,"href":"https:\/\/trenaferragens.com.br\/index.php?rest_route=%2Fwp%2Fv2%2Fcomments&post=8246"}],"wp:featuredmedia":[{"embeddable":true,"href":"https:\/\/trenaferragens.com.br\/index.php?rest_route=\/wp\/v2\/media\/8249"}],"wp:attachment":[{"href":"https:\/\/trenaferragens.com.br\/index.php?rest_route=%2Fwp%2Fv2%2Fmedia&parent=8246"}],"wp:term":[{"taxonomy":"product_cat","embeddable":true,"href":"https:\/\/trenaferragens.com.br\/index.php?rest_route=%2Fwp%2Fv2%2Fproduct_cat&post=8246"},{"taxonomy":"product_tag","embeddable":true,"href":"https:\/\/trenaferragens.com.br\/index.php?rest_route=%2Fwp%2Fv2%2Fproduct_tag&post=8246"}],"curies":[{"name":"wp","href":"https:\/\/api.w.org\/{rel}","templated":true}]}}