{"id":8522,"date":"2021-11-04T12:41:06","date_gmt":"2021-11-04T12:41:06","guid":{"rendered":"https:\/\/trenaferragens.com.br\/?post_type=product&#038;p=8522"},"modified":"2021-11-04T12:41:06","modified_gmt":"2021-11-04T12:41:06","slug":"rabicho-inox-304-semi-flexivel-1-2x1-neucler","status":"publish","type":"product","link":"https:\/\/trenaferragens.com.br\/?product=rabicho-inox-304-semi-flexivel-1-2x1-neucler","title":{"rendered":"Rabicho Inox 304 Semi-Flex\u00edvel 1\/2&#215;1 NEUCLER"},"content":{"rendered":"<h2><strong>Neucler<\/strong><\/h2>\n<p>Empresa formada em 1988, que atua no segmento de materiais hidr\u00e1ulicos desde sua funda\u00e7\u00e3o.<\/p>\n","protected":false},"excerpt":{"rendered":"<p>Nas varia\u00e7\u00f5es de Tamanho : 30cm ; 40cm<\/p>\n","protected":false},"featured_media":8524,"comment_status":"open","ping_status":"closed","template":"","meta":[],"product_cat":[1103],"product_tag":[3442,2305,3443],"_links":{"self":[{"href":"https:\/\/trenaferragens.com.br\/index.php?rest_route=\/wp\/v2\/product\/8522"}],"collection":[{"href":"https:\/\/trenaferragens.com.br\/index.php?rest_route=\/wp\/v2\/product"}],"about":[{"href":"https:\/\/trenaferragens.com.br\/index.php?rest_route=\/wp\/v2\/types\/product"}],"replies":[{"embeddable":true,"href":"https:\/\/trenaferragens.com.br\/index.php?rest_route=%2Fwp%2Fv2%2Fcomments&post=8522"}],"wp:featuredmedia":[{"embeddable":true,"href":"https:\/\/trenaferragens.com.br\/index.php?rest_route=\/wp\/v2\/media\/8524"}],"wp:attachment":[{"href":"https:\/\/trenaferragens.com.br\/index.php?rest_route=%2Fwp%2Fv2%2Fmedia&parent=8522"}],"wp:term":[{"taxonomy":"product_cat","embeddable":true,"href":"https:\/\/trenaferragens.com.br\/index.php?rest_route=%2Fwp%2Fv2%2Fproduct_cat&post=8522"},{"taxonomy":"product_tag","embeddable":true,"href":"https:\/\/trenaferragens.com.br\/index.php?rest_route=%2Fwp%2Fv2%2Fproduct_tag&post=8522"}],"curies":[{"name":"wp","href":"https:\/\/api.w.org\/{rel}","templated":true}]}}