{"id":8530,"date":"2021-11-04T12:59:38","date_gmt":"2021-11-04T12:59:38","guid":{"rendered":"https:\/\/trenaferragens.com.br\/?post_type=product&#038;p=8530"},"modified":"2021-11-04T12:59:39","modified_gmt":"2021-11-04T12:59:39","slug":"pasta-para-soldar","status":"publish","type":"product","link":"https:\/\/trenaferragens.com.br\/?product=pasta-para-soldar","title":{"rendered":"Pasta para Soldar"},"content":{"rendered":"<h2>EMAVI<\/h2>\n<p>A<strong>\u00a0Emavi<\/strong>\u00a0est\u00e1 no ramo \u00e0 20 anos, oferecendo produtos no ramo constru\u00e7\u00e3o, ferragens, ferramentas, el\u00e9trica, utilidades, 1,00 e 1,99, auto pe\u00e7as e supermercado.<\/p>\n<p><strong>Objetivo:<\/strong>Distribuir nossos produtos.<\/p>\n<p><strong>Vis\u00e3o<\/strong>: Levar a marca, \u00e0 todos Estados.<\/p>\n<p><strong>Miss\u00e3o<\/strong>: Atingir todos os Estados com nossos produtos.<\/p>\n","protected":false},"excerpt":{"rendered":"<p>Pasta auxiliar para soldas a estanho<br \/>\nPelo Liqu\u00eddo: 110g<br \/>\nProduto essencial para aux\u00edlio em suas soldas de fios mais grossos.<br \/>\nEste produto tem a finalidade de limpar e criar uma liga melhor entre o metal e o estanho que ser\u00e1 usado na solda.<br \/>\nMarca: Emavi<\/p>\n","protected":false},"featured_media":8531,"comment_status":"open","ping_status":"closed","template":"","meta":[],"product_cat":[281,178,1127],"product_tag":[3445,3446,3444,3447],"_links":{"self":[{"href":"https:\/\/trenaferragens.com.br\/index.php?rest_route=\/wp\/v2\/product\/8530"}],"collection":[{"href":"https:\/\/trenaferragens.com.br\/index.php?rest_route=\/wp\/v2\/product"}],"about":[{"href":"https:\/\/trenaferragens.com.br\/index.php?rest_route=\/wp\/v2\/types\/product"}],"replies":[{"embeddable":true,"href":"https:\/\/trenaferragens.com.br\/index.php?rest_route=%2Fwp%2Fv2%2Fcomments&post=8530"}],"wp:featuredmedia":[{"embeddable":true,"href":"https:\/\/trenaferragens.com.br\/index.php?rest_route=\/wp\/v2\/media\/8531"}],"wp:attachment":[{"href":"https:\/\/trenaferragens.com.br\/index.php?rest_route=%2Fwp%2Fv2%2Fmedia&parent=8530"}],"wp:term":[{"taxonomy":"product_cat","embeddable":true,"href":"https:\/\/trenaferragens.com.br\/index.php?rest_route=%2Fwp%2Fv2%2Fproduct_cat&post=8530"},{"taxonomy":"product_tag","embeddable":true,"href":"https:\/\/trenaferragens.com.br\/index.php?rest_route=%2Fwp%2Fv2%2Fproduct_tag&post=8530"}],"curies":[{"name":"wp","href":"https:\/\/api.w.org\/{rel}","templated":true}]}}