{"id":8536,"date":"2021-11-04T13:06:04","date_gmt":"2021-11-04T13:06:04","guid":{"rendered":"https:\/\/trenaferragens.com.br\/?post_type=product&#038;p=8536"},"modified":"2021-11-04T13:08:02","modified_gmt":"2021-11-04T13:08:02","slug":"solda-bombeiro-sn-x-pb-carretel-cpt","status":"publish","type":"product","link":"https:\/\/trenaferragens.com.br\/?product=solda-bombeiro-sn-x-pb-carretel-cpt","title":{"rendered":"Solda Bombeiro SN x PB Carretel (CPT)"},"content":{"rendered":"<h2>EMAVI<\/h2>\n<p>A<strong>\u00a0Emavi<\/strong>\u00a0est\u00e1 no ramo \u00e0 20 anos, oferecendo produtos no ramo constru\u00e7\u00e3o, ferragens, ferramentas, el\u00e9trica, utilidades, 1,00 e 1,99, auto pe\u00e7as e supermercado.<\/p>\n<p><strong>Objetivo:<\/strong>Distribuir nossos produtos.<\/p>\n<p><strong>Vis\u00e3o<\/strong>: Levar a marca, \u00e0 todos Estados.<\/p>\n<p><strong>Miss\u00e3o<\/strong>: Atingir todos os Estados com nossos produtos.<\/p>\n","protected":false},"excerpt":{"rendered":"<ul>\n<li><strong>Nome comercial:<\/strong>\u00a0Liga sem chumbo para tubula\u00e7\u00e3o de cobre em fio 2,4 mm \u2013 Atende as diretivas Rohs; NBR<\/li>\n<li><strong>Peso:\u00a0<\/strong>500g<\/li>\n<li><strong>Validade:<\/strong>\u00a0Indeterminada<\/li>\n<li><strong>Apresenta\u00e7\u00e3o:<\/strong>\u00a0Carretel com 500g<\/li>\n<li><strong>Onde utilizar:<\/strong>\u00a0Soldagem de conex\u00f5es em tubula\u00e7\u00e3o de \u00e1gua, tubos de cobre, usados para o transporte de l\u00edquidos ou gases n\u00e3o corrosivos, com aux\u00edlio de ferro de soldar ou ma\u00e7arico aquecido a g\u00e1s. N\u00e3o cont\u00e9m fluxo interno. requer uso de um fluxo (pasta) para auxiliar na soldagem.<\/li>\n<li><strong>Seguran\u00e7a:<\/strong>\u00a0N\u00e3o cont\u00e9m chumbo.<\/li>\n<li><strong>Solicitar Ficha de Seguran\u00e7a:<\/strong>\u00a0FISPQ<\/li>\n<\/ul>\n","protected":false},"featured_media":8537,"comment_status":"open","ping_status":"closed","template":"","meta":[],"product_cat":[281,1094,178,1127],"product_tag":[3445,3446,3449,3144,3448],"_links":{"self":[{"href":"https:\/\/trenaferragens.com.br\/index.php?rest_route=\/wp\/v2\/product\/8536"}],"collection":[{"href":"https:\/\/trenaferragens.com.br\/index.php?rest_route=\/wp\/v2\/product"}],"about":[{"href":"https:\/\/trenaferragens.com.br\/index.php?rest_route=\/wp\/v2\/types\/product"}],"replies":[{"embeddable":true,"href":"https:\/\/trenaferragens.com.br\/index.php?rest_route=%2Fwp%2Fv2%2Fcomments&post=8536"}],"wp:featuredmedia":[{"embeddable":true,"href":"https:\/\/trenaferragens.com.br\/index.php?rest_route=\/wp\/v2\/media\/8537"}],"wp:attachment":[{"href":"https:\/\/trenaferragens.com.br\/index.php?rest_route=%2Fwp%2Fv2%2Fmedia&parent=8536"}],"wp:term":[{"taxonomy":"product_cat","embeddable":true,"href":"https:\/\/trenaferragens.com.br\/index.php?rest_route=%2Fwp%2Fv2%2Fproduct_cat&post=8536"},{"taxonomy":"product_tag","embeddable":true,"href":"https:\/\/trenaferragens.com.br\/index.php?rest_route=%2Fwp%2Fv2%2Fproduct_tag&post=8536"}],"curies":[{"name":"wp","href":"https:\/\/api.w.org\/{rel}","templated":true}]}}