{"id":8682,"date":"2021-12-07T20:13:55","date_gmt":"2021-12-07T20:13:55","guid":{"rendered":"https:\/\/trenaferragens.com.br\/?post_type=product&#038;p=8682"},"modified":"2021-12-07T20:13:56","modified_gmt":"2021-12-07T20:13:56","slug":"piscina-1000-litros-splash-fun-mor","status":"publish","type":"product","link":"https:\/\/trenaferragens.com.br\/?product=piscina-1000-litros-splash-fun-mor","title":{"rendered":"Piscina 1000 Litros Splash Fun MOR"},"content":{"rendered":"<p>Piscina 1000 Litros Splash Fun MOR<\/p>\n<p>Piscina Infl\u00e1vel 1.000 litros \u00e9 excelente para a divers\u00e3o das crian\u00e7as! Sua estrutura \u00e9 feita em lona refor\u00e7ada com laminado duplo e uma trama de poli\u00e9ster entre as l\u00e2minas, proporcionando maior resist\u00eancia. Para sua montagem, basta estender a lona no ch\u00e3o, inflar a borda e encher de \u00e1gua at\u00e9 a altura indicada no manual. \u00c9 isto mesmo, a sua \u00fanica estrutura \u00e9 a \u00e1gua, evitando quinas e pe\u00e7as r\u00edgidas que podem ferir os pequenos. Para facilitar ainda mais, a Piscina Infl\u00e1vel acompanha v\u00e1lvula de des\u00e1gue, v\u00e1lvula de filtro e kit reparo. E para garantir a supervis\u00e3o da crian\u00e7ada durante a brincadeira, utilize as Cadeiras Reclin\u00e1veis Mor para se manter por perto, e tamb\u00e9m os Guarda-S\u00f3is que ir\u00e3o proteg\u00ea-los do sol intenso. Mais conforto e prote\u00e7\u00e3o que a Mor oferece para a sua fam\u00edlia!Aten\u00e7\u00e3o! Nunca deixe crian\u00e7as sozinhas perto da \u00e1gua sem supervis\u00e3o de um adulto.<\/p>\n","protected":false},"excerpt":{"rendered":"<div class=\"product-specification__title\">Especifica\u00e7\u00f5es<\/div>\n<div id=\"caracteristicas\">\n<table class=\"group Atributos\" cellspacing=\"0\">\n<tbody>\n<tr class=\"even\">\n<th class=\"name-field Material\">MATERIAL<\/th>\n<td class=\"value-field Material\">PVC<\/td>\n<\/tr>\n<tr>\n<th class=\"name-field Formato\">FORMATO<\/th>\n<td class=\"value-field Formato\">Redondo<\/td>\n<\/tr>\n<tr class=\"even\">\n<th class=\"name-field Cor-Predominante\">COR PREDOMINANTE<\/th>\n<td class=\"value-field Cor-Predominante\">Azul<\/td>\n<\/tr>\n<tr>\n<th class=\"name-field Capacidade\">CAPACIDADE<\/th>\n<td class=\"value-field Capacidade\">1.000 Litros<\/td>\n<\/tr>\n<tr class=\"even\">\n<th class=\"name-field Informacoes-importantes\">INFORMA\u00c7\u00d5ES IMPORTANTES<\/th>\n<td class=\"value-field Informacoes-importantes\">Medida do produto: \u00d81,65m x 55cm<\/p>\n<p>Aten\u00e7\u00e3o! Nunca deixe crian\u00e7as sozinhas perto da \u00e1gua sem supervis\u00e3o de um adulto.<\/td>\n<\/tr>\n<tr>\n<th class=\"name-field Observacoes\">OBSERVA\u00c7\u00d5ES<\/th>\n<td class=\"value-field Observacoes\">Os objetos que ambientam as imagens n\u00e3o acompanham o produto!<\/td>\n<\/tr>\n<tr class=\"even\">\n<th class=\"name-field Garantia\">GARANTIA<\/th>\n<td class=\"value-field Garantia\">90 Dias<\/td>\n<\/tr>\n<tr>\n<th>ALTURA<\/th>\n<td>55,00 Cent\u00edmetros<\/td>\n<\/tr>\n<tr>\n<th>LARGURA<\/th>\n<td>1,65 Metros<\/td>\n<\/tr>\n<tr>\n<th>COMPRIMENTO<\/th>\n<td>1,65 Metros<\/td>\n<\/tr>\n<tr>\n<th>PESO<\/th>\n<td>2,79 Kilogramas<\/td>\n<\/tr>\n<\/tbody>\n<\/table>\n<\/div>\n","protected":false},"featured_media":8687,"comment_status":"open","ping_status":"closed","template":"","meta":[],"product_cat":[1042,1047],"product_tag":[3491,3490,3494,3492,3493],"_links":{"self":[{"href":"https:\/\/trenaferragens.com.br\/index.php?rest_route=\/wp\/v2\/product\/8682"}],"collection":[{"href":"https:\/\/trenaferragens.com.br\/index.php?rest_route=\/wp\/v2\/product"}],"about":[{"href":"https:\/\/trenaferragens.com.br\/index.php?rest_route=\/wp\/v2\/types\/product"}],"replies":[{"embeddable":true,"href":"https:\/\/trenaferragens.com.br\/index.php?rest_route=%2Fwp%2Fv2%2Fcomments&post=8682"}],"wp:featuredmedia":[{"embeddable":true,"href":"https:\/\/trenaferragens.com.br\/index.php?rest_route=\/wp\/v2\/media\/8687"}],"wp:attachment":[{"href":"https:\/\/trenaferragens.com.br\/index.php?rest_route=%2Fwp%2Fv2%2Fmedia&parent=8682"}],"wp:term":[{"taxonomy":"product_cat","embeddable":true,"href":"https:\/\/trenaferragens.com.br\/index.php?rest_route=%2Fwp%2Fv2%2Fproduct_cat&post=8682"},{"taxonomy":"product_tag","embeddable":true,"href":"https:\/\/trenaferragens.com.br\/index.php?rest_route=%2Fwp%2Fv2%2Fproduct_tag&post=8682"}],"curies":[{"name":"wp","href":"https:\/\/api.w.org\/{rel}","templated":true}]}}