{"id":8753,"date":"2022-01-19T15:28:22","date_gmt":"2022-01-19T15:28:22","guid":{"rendered":"https:\/\/trenaferragens.com.br\/?post_type=product&#038;p=8753"},"modified":"2022-01-19T15:28:22","modified_gmt":"2022-01-19T15:28:22","slug":"caixa-p-aterramento-inspecao-pvc","status":"publish","type":"product","link":"https:\/\/trenaferragens.com.br\/?product=caixa-p-aterramento-inspecao-pvc","title":{"rendered":"Caixa P\/Aterramento Inspe\u00e7\u00e3o PVC"},"content":{"rendered":"<h1><strong>Dual Pl\u00e1sticos<\/strong><\/h1>\n<p>Fundada em outubro de 2007, a Dual iniciou a produ\u00e7\u00e3o de acess\u00f3rios pl\u00e1sticos para banheiro, produzindo apenas um\u00a0\u00fanico produto. Aproveitando-se de vasta experi\u00eancia na \u00e1rea de inje\u00e7\u00e3o pl\u00e1stica de seus fundadores vem crescendo com solidez e objetividade.<\/p>\n","protected":false},"excerpt":{"rendered":"<div class=\"wpb_raw_code wpb_content_element wpb_raw_html\">\n<div class=\"wpb_wrapper\">\n<h2>A caixa para aterramento DUAL \u00e9 confeccionada em PEAD de alta resist\u00eancia, e possui sistema de montagem por press\u00e3o entre a tampa e o corpo.<\/h2>\n<\/div>\n<\/div>\n<div class=\"wpb_text_column wpb_content_element \">\n<div class=\"wpb_wrapper\">\n<ul>\n<li><strong>Tamanho Ideal<\/strong><\/li>\n<li><strong>Super Resistente<\/strong><\/li>\n<li><strong>\u00d3timo Acabamento<\/strong><\/li>\n<\/ul>\n<\/div>\n<\/div>\n","protected":false},"featured_media":8754,"comment_status":"open","ping_status":"closed","template":"","meta":[],"product_cat":[194,1062],"product_tag":[3528,3427,3007,2019],"_links":{"self":[{"href":"https:\/\/trenaferragens.com.br\/index.php?rest_route=\/wp\/v2\/product\/8753"}],"collection":[{"href":"https:\/\/trenaferragens.com.br\/index.php?rest_route=\/wp\/v2\/product"}],"about":[{"href":"https:\/\/trenaferragens.com.br\/index.php?rest_route=\/wp\/v2\/types\/product"}],"replies":[{"embeddable":true,"href":"https:\/\/trenaferragens.com.br\/index.php?rest_route=%2Fwp%2Fv2%2Fcomments&post=8753"}],"wp:featuredmedia":[{"embeddable":true,"href":"https:\/\/trenaferragens.com.br\/index.php?rest_route=\/wp\/v2\/media\/8754"}],"wp:attachment":[{"href":"https:\/\/trenaferragens.com.br\/index.php?rest_route=%2Fwp%2Fv2%2Fmedia&parent=8753"}],"wp:term":[{"taxonomy":"product_cat","embeddable":true,"href":"https:\/\/trenaferragens.com.br\/index.php?rest_route=%2Fwp%2Fv2%2Fproduct_cat&post=8753"},{"taxonomy":"product_tag","embeddable":true,"href":"https:\/\/trenaferragens.com.br\/index.php?rest_route=%2Fwp%2Fv2%2Fproduct_tag&post=8753"}],"curies":[{"name":"wp","href":"https:\/\/api.w.org\/{rel}","templated":true}]}}