{"id":9042,"date":"2023-02-08T19:28:07","date_gmt":"2023-02-08T19:28:07","guid":{"rendered":"https:\/\/trenaferragens.com.br\/?post_type=product&#038;p=9042"},"modified":"2024-03-11T19:59:42","modified_gmt":"2024-03-11T19:59:42","slug":"protetor-completo-ar-condicionado-bivolt-r-201","status":"publish","type":"product","link":"https:\/\/trenaferragens.com.br\/?product=protetor-completo-ar-condicionado-bivolt-r-201","title":{"rendered":"Protetor Completo Ar Condicionado Bivolt R.201"},"content":{"rendered":"<h2><strong>PENTA WATT<\/strong><\/h2>\n<p>O Prote Raio Ar Condicionado foi desenvolvido para evitar que seu ar condicionado seja danificado por surtos transit\u00f3rios el\u00e9tricos (efeitos de raios, picos de voltagem e dist\u00farbios el\u00e9tricos). (Mod.: 201)<\/p>\n","protected":false},"excerpt":{"rendered":"<p>P\u00e1 C\/Cabo Bico Quadrada N. 3 Y<\/p>\n<p>&nbsp;<\/p>\n","protected":false},"featured_media":9050,"comment_status":"open","ping_status":"closed","template":"","meta":[],"product_cat":[194,1057,1059,1062],"product_tag":[3600,3603,3601,3604,3602],"_links":{"self":[{"href":"https:\/\/trenaferragens.com.br\/index.php?rest_route=\/wp\/v2\/product\/9042"}],"collection":[{"href":"https:\/\/trenaferragens.com.br\/index.php?rest_route=\/wp\/v2\/product"}],"about":[{"href":"https:\/\/trenaferragens.com.br\/index.php?rest_route=\/wp\/v2\/types\/product"}],"replies":[{"embeddable":true,"href":"https:\/\/trenaferragens.com.br\/index.php?rest_route=%2Fwp%2Fv2%2Fcomments&post=9042"}],"wp:featuredmedia":[{"embeddable":true,"href":"https:\/\/trenaferragens.com.br\/index.php?rest_route=\/wp\/v2\/media\/9050"}],"wp:attachment":[{"href":"https:\/\/trenaferragens.com.br\/index.php?rest_route=%2Fwp%2Fv2%2Fmedia&parent=9042"}],"wp:term":[{"taxonomy":"product_cat","embeddable":true,"href":"https:\/\/trenaferragens.com.br\/index.php?rest_route=%2Fwp%2Fv2%2Fproduct_cat&post=9042"},{"taxonomy":"product_tag","embeddable":true,"href":"https:\/\/trenaferragens.com.br\/index.php?rest_route=%2Fwp%2Fv2%2Fproduct_tag&post=9042"}],"curies":[{"name":"wp","href":"https:\/\/api.w.org\/{rel}","templated":true}]}}