{"id":9052,"date":"2023-02-08T19:42:48","date_gmt":"2023-02-08T19:42:48","guid":{"rendered":"https:\/\/trenaferragens.com.br\/?post_type=product&#038;p=9052"},"modified":"2023-12-09T05:44:47","modified_gmt":"2023-12-09T05:44:47","slug":"protetor-raio-eletr-super-127v-r-211-pw","status":"publish","type":"product","link":"https:\/\/trenaferragens.com.br\/?product=protetor-raio-eletr-super-127v-r-211-pw","title":{"rendered":"Protetor Raio Eletr. Super 127V R.211 PW"},"content":{"rendered":"<h2><strong>PENTA WATT<\/strong><\/h2>\n<p>O Prote Raio Super foi desenvolvido para evitar que seus aparelhos eletroeletr\u00f4nicos e lavadoras em geral, sejam danificados por surtos transit\u00f3rios el\u00e9tricos (efeitos de raios, picos de voltagem e dist\u00farbios el\u00e9tricos). O Prote Raio Super \u00e9 dotado de micro circu\u00edtos que desligam seu aparelho em caso de baixas e\/ou altas voltagens e aciona um temporizador que aguarda aproximadamente 30seg, tempo necess\u00e1rio para que a rede atinja equil\u00edbrio. (Mod.: 211 &#8211; 127V \/ Mod.: 212 &#8211; 220V)<\/p>\n","protected":false},"excerpt":{"rendered":"<p>P\u00e1 C\/Cabo Bico Quadrada N. 3 Y<\/p>\n<p>&nbsp;<\/p>\n","protected":false},"featured_media":9054,"comment_status":"open","ping_status":"closed","template":"","meta":[],"product_cat":[194,1057,1059,1062],"product_tag":[3600,3603,3601,3604,3602],"_links":{"self":[{"href":"https:\/\/trenaferragens.com.br\/index.php?rest_route=\/wp\/v2\/product\/9052"}],"collection":[{"href":"https:\/\/trenaferragens.com.br\/index.php?rest_route=\/wp\/v2\/product"}],"about":[{"href":"https:\/\/trenaferragens.com.br\/index.php?rest_route=\/wp\/v2\/types\/product"}],"replies":[{"embeddable":true,"href":"https:\/\/trenaferragens.com.br\/index.php?rest_route=%2Fwp%2Fv2%2Fcomments&post=9052"}],"wp:featuredmedia":[{"embeddable":true,"href":"https:\/\/trenaferragens.com.br\/index.php?rest_route=\/wp\/v2\/media\/9054"}],"wp:attachment":[{"href":"https:\/\/trenaferragens.com.br\/index.php?rest_route=%2Fwp%2Fv2%2Fmedia&parent=9052"}],"wp:term":[{"taxonomy":"product_cat","embeddable":true,"href":"https:\/\/trenaferragens.com.br\/index.php?rest_route=%2Fwp%2Fv2%2Fproduct_cat&post=9052"},{"taxonomy":"product_tag","embeddable":true,"href":"https:\/\/trenaferragens.com.br\/index.php?rest_route=%2Fwp%2Fv2%2Fproduct_tag&post=9052"}],"curies":[{"name":"wp","href":"https:\/\/api.w.org\/{rel}","templated":true}]}}