{"id":9058,"date":"2023-02-08T19:49:14","date_gmt":"2023-02-08T19:49:14","guid":{"rendered":"https:\/\/trenaferragens.com.br\/?post_type=product&#038;p=9058"},"modified":"2024-07-17T09:13:37","modified_gmt":"2024-07-17T09:13:37","slug":"protetor-raio-geladeira-e-freezer-127v","status":"publish","type":"product","link":"https:\/\/trenaferragens.com.br\/?product=protetor-raio-geladeira-e-freezer-127v","title":{"rendered":"Protetor Raio Geladeira e Freezer 127V"},"content":{"rendered":"<h2><strong>PENTA WATT<\/strong><\/h2>\n<p>O ProteRaio Geladeira e Freezer foi desenvolvido para evitar que seus aparelhos eletroeletr\u00f4nicos sejam danificados por surtos transit\u00f3rios el\u00e9tricos (efeitos de raios, picos de voltagem e dist\u00farbios el\u00e9tricos). O Prote Raio Freezer \u00e9 dotado de micro circuitos que desligam seu aparelho em caso de baixas e\/ou altas voltagens e aciona um temporizador que aguarda aproximadamente 8 minutos, tempo necess\u00e1rio para que o compressor atinja o equil\u00edbrio, evitando desta forma for\u00e7\u00e1-lo e garantindo maior vida \u00fatil e durabilidade. (Mod.:205 &#8211; 127V \/ Mod.: 206 &#8211; 220V)<\/p>\n","protected":false},"excerpt":{"rendered":"<p>P\u00e1 C\/Cabo Bico Quadrada N. 3 Y<\/p>\n<p>&nbsp;<\/p>\n","protected":false},"featured_media":9059,"comment_status":"open","ping_status":"closed","template":"","meta":[],"product_cat":[194,1057,1059,1062],"product_tag":[3600,3603,3601,3604,3602],"_links":{"self":[{"href":"https:\/\/trenaferragens.com.br\/index.php?rest_route=\/wp\/v2\/product\/9058"}],"collection":[{"href":"https:\/\/trenaferragens.com.br\/index.php?rest_route=\/wp\/v2\/product"}],"about":[{"href":"https:\/\/trenaferragens.com.br\/index.php?rest_route=\/wp\/v2\/types\/product"}],"replies":[{"embeddable":true,"href":"https:\/\/trenaferragens.com.br\/index.php?rest_route=%2Fwp%2Fv2%2Fcomments&post=9058"}],"wp:featuredmedia":[{"embeddable":true,"href":"https:\/\/trenaferragens.com.br\/index.php?rest_route=\/wp\/v2\/media\/9059"}],"wp:attachment":[{"href":"https:\/\/trenaferragens.com.br\/index.php?rest_route=%2Fwp%2Fv2%2Fmedia&parent=9058"}],"wp:term":[{"taxonomy":"product_cat","embeddable":true,"href":"https:\/\/trenaferragens.com.br\/index.php?rest_route=%2Fwp%2Fv2%2Fproduct_cat&post=9058"},{"taxonomy":"product_tag","embeddable":true,"href":"https:\/\/trenaferragens.com.br\/index.php?rest_route=%2Fwp%2Fv2%2Fproduct_tag&post=9058"}],"curies":[{"name":"wp","href":"https:\/\/api.w.org\/{rel}","templated":true}]}}