{"id":9118,"date":"2024-03-25T19:01:05","date_gmt":"2024-03-25T19:01:05","guid":{"rendered":"https:\/\/trenaferragens.com.br\/?post_type=product&#038;p=9118"},"modified":"2024-07-17T09:12:18","modified_gmt":"2024-07-17T09:12:18","slug":"kit-emergencia-sos-massa-epoxi-doctor-bond","status":"publish","type":"product","link":"https:\/\/trenaferragens.com.br\/?product=kit-emergencia-sos-massa-epoxi-doctor-bond","title":{"rendered":"Kit Emerg\u00eancia (SOS) Massa Ep\u00f3xi DOCTOR BOND"},"content":{"rendered":"<h2>Kit Emerg\u00eancia (SOS) Massa Ep\u00f3xi DOCTOR BOND<\/h2>\n<p>\u00c9 UMA MASSA ADESIVA EP\u00d3XI BICOMPONTENE, SUBAQU\u00c1TICA, VERS\u00c1TIL, UTILIZADA EM REPAROS DE \u00c1REAS SECAS OU SUBMERSAS E EM SUPERF\u00cdCIES HORIZONTAIS E VERTICAIS, COM ALTO DESEMPENHO.<\/p>\n<p><strong>CARACTER\u00cdSTICAS<\/strong><br \/>\nVeda, cola, solda, fixa e molda com praticidade, qualidade e durabilidade. Propor\u00e7\u00e3o da mistura 1 : 1. Tempo de utiliza\u00e7\u00e3o da mistura: 30 min. a 25\u02daC . Tempo m\u00e9dio de endurecimento: entre 90 min e 2 horas. Consumo: 4,5 a 7,5 kg \/ m2 para espessura de 3 a 5 mm.\u00a0<strong>AT\u00c9 DEBAIXO D`\u00c1GUA.<\/strong><\/p>\n","protected":false},"excerpt":{"rendered":"<p><strong>CARACTER\u00cdSTICAS<\/strong><\/p>\n<ul>\n<li>Veda, cola, solda, fixa e molda com praticidade, qualidade e durabilidade.<\/li>\n<li>Proporcao da mistura 1 : 1<\/li>\n<li>Tempo de utilizacao da mistura: 30 min. a 25\u02daC.<\/li>\n<li>Tempo medio de endurecimento: ( cura inicial ) entre 90 min e 2 horas a 25\u02daC.<\/li>\n<li>Cura final: 7 dias a 25\u02daC.<\/li>\n<li>Consumo: 4,5 a 7,5 kg \/ m2 para espessura de 3 a 5 mm.<\/li>\n<li>Cor: Verde claro.<\/li>\n<li>Peso especifico: 1,5g\/cm3 minimo.<\/li>\n<li>Solidos por volume: 100%<\/li>\n<li>Resistencia a compressao: 50 Mpa ( apos 24h a 25\u02daC. )<\/li>\n<li>AT\u00c9 DEBAIXO D`\u00c1GUA.<strong>\n<p><\/strong><\/li>\n<\/ul>\n<p><strong>EMBALAGENS<\/strong><\/p>\n<ul>\n<li><strong>50g, 100g, 250g e 1kg.\n<p><\/strong><\/li>\n<\/ul>\n<p><strong>APLICA\u00c7\u00d5ES<\/strong><\/p>\n<ul>\n<li>Manutencao de piscinas, troca de ceramicas (sem necessidade de<\/li>\n<\/ul>\n<p>esvaziamento).<\/p>\n<ul>\n<li>Recupera\u00e7\u00e3o de caixas d\u2019agua e telhados.<\/li>\n<li>Pode ser aplicado em diversos materiais, tais como.: Concreto &gt;&gt; Marmore &gt;&gt;<\/li>\n<\/ul>\n<p>Madeira &gt;&gt; PVC &gt;&gt; Ferro fundido ou galvanizado &gt;&gt; Aluminio &gt;&gt; Fibrocimento<\/p>\n<p>&gt;&gt; Cobre, etc.<\/p>\n<ul>\n<li>Adere em qualquer tipo de superficie rugosa, superficies lisas devem ser lixadas<\/li>\n<\/ul>\n<p>(com lixa grossa) para garantir total aderencia.<\/p>\n<p><strong>PREPARA\u00c7\u00c3O DA SUPERF\u00cdCIE<\/strong><\/p>\n<ul>\n<li>As superficies deverao estar isentas de contaminantes, tais como.: Poeira &gt;&gt;<\/li>\n<\/ul>\n<p>Oleos &gt;&gt; Graxas &gt;&gt; Particulas soltas &gt;&gt; Camadas de tinta &gt;&gt; Nata de cimento,<\/p>\n<p>etc.<\/p>\n<p><strong>MODO DE USAR<\/strong><\/p>\n<ul>\n<li>Com as\u00a0<strong>M\u00c3OS MOLHADAS\u00a0<\/strong>ou num recipiente misture o componente (A)<\/li>\n<\/ul>\n<p>branco e (B) verde (na mesma proporcao 1:1) entre 2 e 3 min, ate obter uma<\/p>\n<p>cor homogenea. Aplique-a em seguida pressionando a massa contra a<\/p>\n<p>superficie com auxilio das\u00a0<strong>M\u00c3OS MOLHADAS.<\/strong><\/p>\n<p><strong>COMPOSI\u00c7\u00c3O E CONSERVA\u00c7\u00c3O<\/strong><\/p>\n<ul>\n<li>Componente A (branco): Resina de bisfenol A com epicloridrina e cargas<\/li>\n<\/ul>\n<p>minerais.<\/p>\n<ul>\n<li>Componente B (verde): Endurecedor poliamida e cargas minerais.<\/li>\n<li>Manter o produto armazenado em local coberto e ventilado.<\/li>\n<li>Evitar exposicao ao sol.<\/li>\n<li><strong>Validade: 18 meses.<\/strong><\/li>\n<\/ul>\n<p><strong>CUIDADOS<\/strong><\/p>\n<ul>\n<li>Este produto pode originar por contato, irrita\u00e7\u00e3o na pele e olhos. Caso isso<\/li>\n<\/ul>\n<p>ocorra lave bem com agua em abundancia por v\u00e1rios minutos. Se a irrita\u00e7\u00e3o<\/p>\n<p>persistir procure um medico.<\/p>\n<ul>\n<li>Use EPI`s.<\/li>\n<\/ul>\n<p><strong>PRECAU\u00c7\u00d5ES<\/strong><\/p>\n<ul>\n<li>Mantenha o produto fora do alcance de crian\u00e7as e animais dom\u00e9sticos.<\/li>\n<\/ul>\n<h2 class=\"elementor-heading-title elementor-size-default\">Tamanhos: 50g, 100g, 250gr e 1kg.<\/h2>\n","protected":false},"featured_media":9119,"comment_status":"open","ping_status":"closed","template":"","meta":[],"product_cat":[166,1855,1117],"product_tag":[3619,3624,3625,3622],"_links":{"self":[{"href":"https:\/\/trenaferragens.com.br\/index.php?rest_route=\/wp\/v2\/product\/9118"}],"collection":[{"href":"https:\/\/trenaferragens.com.br\/index.php?rest_route=\/wp\/v2\/product"}],"about":[{"href":"https:\/\/trenaferragens.com.br\/index.php?rest_route=\/wp\/v2\/types\/product"}],"replies":[{"embeddable":true,"href":"https:\/\/trenaferragens.com.br\/index.php?rest_route=%2Fwp%2Fv2%2Fcomments&post=9118"}],"wp:featuredmedia":[{"embeddable":true,"href":"https:\/\/trenaferragens.com.br\/index.php?rest_route=\/wp\/v2\/media\/9119"}],"wp:attachment":[{"href":"https:\/\/trenaferragens.com.br\/index.php?rest_route=%2Fwp%2Fv2%2Fmedia&parent=9118"}],"wp:term":[{"taxonomy":"product_cat","embeddable":true,"href":"https:\/\/trenaferragens.com.br\/index.php?rest_route=%2Fwp%2Fv2%2Fproduct_cat&post=9118"},{"taxonomy":"product_tag","embeddable":true,"href":"https:\/\/trenaferragens.com.br\/index.php?rest_route=%2Fwp%2Fv2%2Fproduct_tag&post=9118"}],"curies":[{"name":"wp","href":"https:\/\/api.w.org\/{rel}","templated":true}]}}