{"id":9188,"date":"2024-10-01T17:59:03","date_gmt":"2024-10-01T17:59:03","guid":{"rendered":"https:\/\/trenaferragens.com.br\/?post_type=product&#038;p=9188"},"modified":"2025-12-22T19:28:33","modified_gmt":"2025-12-22T19:28:33","slug":"secador-de-chao-aluminio-1-00x0-60mt","status":"publish","type":"product","link":"https:\/\/trenaferragens.com.br\/?product=secador-de-chao-aluminio-1-00x0-60mt","title":{"rendered":"Secador de Ch\u00e3o Alum\u00ednio 1.00X0.60mt"},"content":{"rendered":"","protected":false},"excerpt":{"rendered":"<p>Secador de Ch\u00e3o Alum\u00ednio 1.00X0.60mt<\/p>\n<div class=\"product-body\">\n<div class=\"clearfix text-formatted field field--name-body field--type-text-with-summary field--label-hidden field__item\">\n<div class=\"product-body\">\n<div class=\"clearfix text-formatted field field--name-body field--type-text-with-summary field--label-hidden field__item\">\n<div class=\"field__item\"><\/div>\n<\/div>\n<\/div>\n<\/div>\n<\/div>\n","protected":false},"featured_media":9189,"comment_status":"open","ping_status":"closed","template":"","meta":[],"product_cat":[1127,1136],"product_tag":[3653,3656,3654,3655,2590],"_links":{"self":[{"href":"https:\/\/trenaferragens.com.br\/index.php?rest_route=\/wp\/v2\/product\/9188"}],"collection":[{"href":"https:\/\/trenaferragens.com.br\/index.php?rest_route=\/wp\/v2\/product"}],"about":[{"href":"https:\/\/trenaferragens.com.br\/index.php?rest_route=\/wp\/v2\/types\/product"}],"replies":[{"embeddable":true,"href":"https:\/\/trenaferragens.com.br\/index.php?rest_route=%2Fwp%2Fv2%2Fcomments&post=9188"}],"wp:featuredmedia":[{"embeddable":true,"href":"https:\/\/trenaferragens.com.br\/index.php?rest_route=\/wp\/v2\/media\/9189"}],"wp:attachment":[{"href":"https:\/\/trenaferragens.com.br\/index.php?rest_route=%2Fwp%2Fv2%2Fmedia&parent=9188"}],"wp:term":[{"taxonomy":"product_cat","embeddable":true,"href":"https:\/\/trenaferragens.com.br\/index.php?rest_route=%2Fwp%2Fv2%2Fproduct_cat&post=9188"},{"taxonomy":"product_tag","embeddable":true,"href":"https:\/\/trenaferragens.com.br\/index.php?rest_route=%2Fwp%2Fv2%2Fproduct_tag&post=9188"}],"curies":[{"name":"wp","href":"https:\/\/api.w.org\/{rel}","templated":true}]}}